s -36 + (17 - (2 - 4))?
-17
Evaluate 25 + -2 + -9 - 15.
-1
What is (14 - 15) + 4 + -3 + 8?
8
What is the value of (88 - 89) + (5 - (-1 - -3) - -1)?
3
(0 + -8 - 2) + 7 - (-2 + -5)
4
What is the value of (4 + -12 - -4) + 5?
1
Calculate 243 + -244 - (-3 + (4 - 2)).
0
What is the value of -79 + 81 + 12 + -1?
13
Calculate 9 - 13 - (-3 + 6) - -20.
13
Calculate (11 - 0) + (-11 - (-20 - -8)) + -1.
11
What is the value of 11 + (-5 + 9 - 43)?
-28
Evaluate 2 + 1 + -99 + 104.
8
What is the value of 8 + (20 - 9) + -23 + 4?
0
What is the value of 19 - (-9 + -7 - -24 - (12 + 1))?
24
What is the value of 27 - 21 - (27 - 24)?
3
Evaluate 55 - 38 - (2 - -7).
8
Calculate 25 + -32 + 1 + 25.
19
What is (-193 - -190) + (-2 - -3 - -29) + 0?
27
Evaluate -10 + -23 + 24 + -1.
-10
Evaluate 13 + (2 - 0) + (-30 - (-21 + -4)).
10
-3 + (8 - 12 - -1) + 18
12
Evaluate (-17 - -26) + (-4 - -2 - -4) + 1.
12
Evaluate (7 + -6 - 8) + -15 - -8.
-14
What is the value of -3 + -20 - ((-3 - 8 - 1) + 7)?
-18
Calculate 24 - ((-6 - -8 - 0) + -3).
25
1 + -13 + (-3 - 6) + 10
-11
9 - (-32 + (1 - -24))
16
Calculate (7 + -2 - (-3 + 4)) + 8 + -1.
11
What is 23 + (-35 + -38 - -30)?
-20
Calculate (-5 - -3) + 3 + 5 + -8.
-2
What is (-71 - -48) + (-11 - 2)?
-36
(1 - -15) + (7 + 1 - 16)
8
Calculate (5 - -18) + -32 + 10.
1
What is (5 - (4 + -2 + 7)) + (15 - -2)?
13
Evaluate -2 + 0 - (-96 - -84) - 0 - 29.
-19
Calculate (14 - 5 - 4) + 0.
5
What is the value of 4 + -26 - 7 - -44?
15
Calculate -2 + 0 - (2 - 0) - (2 - -11).
-17
Evaluate -5 + (20 - -1) + -8 + 4 + 10.
22
What is the value of (-18 + (1 - 0 - -6) - -8) + 20?
17
9 - (-10 + (3 - -5) + -5 + 3)
13
Evaluate 22 + 15 + (-10 - (2 + 9)).
16
What is (7 + -6 - (1 + -3)) + -4 - 0?
-1
52 + (-10 - 23) - 19
0
Evaluate (1 - -3) + (4 - (-2 - (5 + -6))).
9
Calculate 21 - (-6 - -52) - -12.
-13
What is (-1 - 4) + (-221 - -226) - (0 + -21)?
21
Evaluate 12 - (-26 - (-21 - 1 - -6)).
22
Calculate 3 - (-1 + 8) - (47 + -57).
6
(-8 - (8 - 8)) + (3 - 16)
-21
What is the value of -1 - -13 - (-93 - -112)?
-7
Evaluate -1 - (-9 + -4 + -4).
16
Evaluate 11 - (6 - -46) - -10 - 7.
-38
What is 1 - 0 - (-3 + -10 + 4 + 0)?
10
Evaluate 6 + -11 + 12 - (21 + -2 - -8).
-20
What is 75 + (-69 - 10) - (-18 - -1)?
13
What is 7 - (5 - (2 - (6 + (-2 - 0))))?
0
(-243 - -261) + (-2 - -3)
19
Evaluate -16 + 14 + -14 + 21.
5
What is -8 - ((5 - 5) + 2 + (8 - -3))?
-21
What is the value of 10 + -8 + 11 - 12?
1
What is -8 - -16 - ((-6 - (2 - -1)) + 17)?
0
Evaluate 10 + 5 - (13 + -12 + (-2 - 0)).
16
-15 + 2 + 113 + -98
2
Evaluate -2 + 15 + (16 - 21).
8
Calculate -8 + (18 + (-1 - 7) - 3) - -6.
5
What is the value of 12 + 5 + -8 + -6 + 6?
9
Calculate 6 + -18 + 7 + (8 - 5) - -4.
2
What is the value of -13 - (-3 + 4) - -7?
-7
What is -39 + (-10 - (-35 - -13))?
-27
What is -11 - (-22 + 1 + 2)?
8
Calculate -4 - (-34 + 26 + 3).
1
Calculate (-7 - -10) + (17 - 10).
10
What is -8 - (9 + 2 + -11)?
-8
Calculate (13 - 6) + -19 - (-51 - -1).
38
Calculate -33 + 71 - (12 - 7 - 0).
33
(-19 - 1) + 16 - (-3 - 2)
1
Evaluate 27 + -36 - (-3 - (4 + -1)) - -5.
2
What is the value of -2 + 8 + 1 - (8 + 9 - -1)?
-11
What is -10 + 18 + 4 + -17?
-5
Evaluate (-16 - 4) + -11 + (3 - 7 - 1).
-36
1 + -5 + 5 - 5 - (27 - 20)
-11
Calculate 6 - (-6 + 29 + 7 + -7 + -6).
-11
59 - 60 - (-1 - 19) - 11 - -23
31
Evaluate (-29 - (-17 - -9)) + 8 + 5.
-8
What is -12 - -22 - 35 - -13?
-12
What is (-10 + -15 + 6 - -5) + 38?
24
Evaluate (17 - 26) + (2 - (7 - 2)).
-12
What is (13 + 1 + -13 - (15 + -1)) + 2?
-11
3 - 14 - (3 + -18 + 26 - 55)
33
What is the value of -11 + 28 + (0 - (11 + -1))?
7
Evaluate 2 + -3 + (-26 + 10 - -17).
0
Evaluate (-29 - ((24 - 19) + -23)) + -2 + 47.
34
Evaluate -26 + 25 + 6 - (3 + -3 + -3).
8
Evaluate (-1 - 0) + -8 + -41 + 111 + -80.
-19
What is the value of -8 + (-2 - (4 - (1 - -5)))?
-8
What is 9 + 16 - 15 - 0?
10
What is the value of -2 - (4 + 1) - -7?
0
(-27 - -48) + 3 - (1 - -10)
13
What is (-2 - -7) + -7 + -6 + 13?
5
Calculate 6 + (-4 - -14 - 21) - (21 + -6).
-20
Evaluate (-7 - 0) + 2 + (-6 - (29 + -23)).
-17
What is the value of -22 - -38 - (10 + -7)?
13
What is the value of (18 - 18) + -4 - 0?
-4
Calculate -8 + (-12 - -3) + 12 + -8 + 1.
-12
Calculate 6 + 13 - (-10 + -2).
31
What is -14 - (8 + -14 + -1) - -1?
-6
What is the value of -36 + (0 - (-21 - -8))?
-23
What is 26 + (-10 - 4 - 1) + (0 - 7)?
4
Evaluate -4 + 0 - (-20 + 7 + 31 + -23).
1
Evaluate 2 - -4 - (5 - (2 - -1) - 23).
27
Evaluate 12 + (-13 - (-5 - -3)).
1
Evaluate -1 + 2 + (12 - (8 - (-11 + 7))).
1
12 + -23 + 9 + (-20 - (-3 + 4))
-23
What is -7 + (2 - 11) + 9?
-7
(0 - (2 - 5)) + (7 - 18) - -1
-7
Evaluate 20 - ((-2 - 0) + (47 - 24) + -17).
16
Evaluate -32 - (1 + 7 - 6) - (-8 + -1).
-25
Calculate -13 - ((18 - 21) + -8).
-2
Evaluate 1 - (3 + (2 - (0 + 8))).
4
What is the value of 5 + (2 + -5 - (-19 - (-35 - -16)))?
2
What is (4 - (36 + -33) - (1 + -15)) + -10?
5
-27 + (10 - (-21 + 0))
4
What is the value of -6 + -16 + 19 + 21?
18
What is (2 - 27) + 5 + 34?
14
Evaluate (201 - 188) + (-3 + 7 - 7).
10
What is -1 + (-1 - -7) + 754 + -745?
14
Calculate -391 + 401 + 1 + -4.
7
What is the value of -21 + 11 + 26 + -8?
8
What is the value of 10 + -4 - (5 + -3 + -10)?
14
What is the value of (26 - 12 - 8) + 6?
12
Evaluate -8 + -4 + 49 + (3 + 1 - 9).
32
Calculate -54 + 34 - (10 + -11).
-19
Calculate 0 + 21 + 1 - (-88 - (-43 + -40)).
27
(18 - -2) + (-8 - (9 - 9))
12
11 + 10 + -15 - -3 - -15
24
7 + (7 - (8 + -10)) + -12 - 2
2
What is the value of -20 + 15 + 10 + -7?
-2
What is the value of 17 - 53 - -13 - -18?
-5
Calculate -11 + 5 + 0 - (-2 - -6).
-10
(37 - 75) + (3 - -31)
-4
Calculate -12 + (7 - (20 - 1)) + 7 + 11.
-6
Calculate (0 - 3 - 2) + (29 - 21) + 6.
9
-30 + (-23 + 61 - 19)
-11
What is (4 - 0) + 3 - (41 + -19)?
-15
(-2 + -14 - 6) + 37
15
What is -15 - ((4 - -4) + -20)?
-3
Calculate (3 - -18 - 1) + 35 + -28 + -5.
22
What is 0 - (6 - (-10 - -10)) - (-1 + -3)?
-2
1 - -1 - (-1 - ((-6 - -9) + 1))
7
What is the value of -44 + 41 + (2 - 1) - -3?
1
Calculate 0 + 6 - (28 + -28 + 2 + 3).
1
Evaluate -5 - -10 - (-4 + (-3 - 0 - -23)).
-11
Calculate 18 + (33 - 10) + -21.
20
What is the value of -14 + 16 - (11 + -7 - (0 + 1))?
-1
42 - (44 + (32 - 60))
26
Calculate -1 - -2 - -2 - ((-5 - -61) + -42).
-11
What is 12 - (11 - 6) - (-15 - -4)?
18
26 - 21 - (4 - (-3 - -4))
2
Calculate 7 + 10 + -9 - 4 - 15.
-11
Evaluate 3 + ((-10 - -4) + 6 - (12 + -18)).
9
(-8 - -15) + (-20 - -3)
-10
Evaluate 18 + -23 + (5 - -1).
1
Evaluate 7 + (-6 + (-21 - -3) - (-10 + 19)).
-26
-11 + (4 - (4 + 0)) + 1 + 8
-2
What is the value of (-31 - -53) + -9 + -4?
9
What is (1 - -3) + -10 + -4?
-10
Calculate -28 + 1 + -13 + 24.
-16
What is the value of 73 + -66 - (3 - 4)?
8
What is -20 - (8 + (-8 - -10) + -17)?
-13
What is the value of -1 + 8 - (101 - 80)?
-14
What is 8 + -1 + (8 - 0) + -18?
-3
Evaluate -33 + (-18 - (17 + -38 - 13)).
-17
Calculate -43 - (4 + (7 - 15 - -4)) - -9.
-34
Evaluate ((1 - 39) + 18 + -9 - -6) + 0.
-23
What is the value of 9 - (25 - (-4 - 3 - 0))?
-23
What is the value of -6 + (20 - (6 - (5 - 2))) + 2?
13
What is 7 - (-20 - -8) - 12 - (-1 + 6)?
2
What is (-1 - (6 - (4 - -4))) + -10?
-9
What is -47 - (22 - 72 - -37)?
-34
Calculate 2 + -18 - (41 + -48).
-9
3 - 10 - (11 - (-16 + 30))
-4
What is (0 - -1 - (-22 - -14 - -13)) + 1?
-3
-30 + 3 + (-114 - -128)
-13
What is the value of -3 + 42 + 8 + -70?
-23
Evaluate -15 - (-18 - 8 - -23).
-12
2 + 6 - 5 - (-3 - (-1 + 0))
5
Evaluate 10 - ((-4 + 0 - -6) + -1 - 4).
13
Evaluate -20 + -4 + (-4 - -15) - -28.
15
What is (952 - 962) + (-12 - (-1 + 2))?
-23
What is the value of -4 + 1 + (-5 - -10)?
2
Evaluate (47 - 35) + (4 + -10 + 4 - -2).
12
What is -2 - (19 + -17 + (14 - 0))?
-18
-524 - -507 - (1 + -39)
21
Calculate -28 + 6 + (-16 - -35).
-3
What is 7 + -18 + 10 + -9 + (-4 - 1)?
-15
Evaluate -24 + 15 + 6 + 5.
2
Evaluate -1 + (-12 - (-9 + 13)).
-17
What is the value of 62 + -59 + -4 + 0 + 1 + -2?
-2
What is -3 + (0 - -4 - (-25 - (-32 - -16)))?
10
Calculate 13 + -1 + (8 - (-4 - (-6 - -5))).
23
What is 14 + -5 + -19 - (-8 + 4)?
-6
Evaluate (-33 - -16) + 0 + 3 - 0.
-14
What is the value of -7 - (2 + (6 - (36 - (-7 - -3))))?
25
(11 - -3) + (-10 - (40 - 43))
7
-22 + 0 + (-1 - 6) + (-1 - -18)
-12
What is the value of 265 + -278 + (1 - -6)?
-6
Evaluate (1 - 3) +